10110100011001000100?
-10110100010111001110
In base 14, what is 22b2 - 4062?
-1b90
In base 5, what is 3343323322 + 10?
3343323332
In base 10, what is -4945076 - 1?
-4945077
In base 6, what is 51400120 - -52?
51400212
In base 10, what is 3764967 - 10?
3764957
In base 13, what is 362602 + -95?
36253a
In base 4, what is -10012230 - 1322110?
-12001000
In base 7, what is 1431605 - -11301?
1443206
In base 8, what is 1745077 + 53?
1745152
In base 5, what is -24 - -43424403?
43424324
In base 8, what is 222241 + 15652?
240113
In base 8, what is 10 - 2023712?
-2023702
In base 4, what is -3 - 223121110?
-223121113
In base 7, what is 50 + -3354360?
-3354310
In base 13, what is -19043 - -5566?
-137aa
In base 8, what is -37710 + 1632?
-36056
In base 15, what is -64 + -d647e?
-d64e3
In base 12, what is -391a + -574?
-4292
In base 14, what is -c87 + -7db?
-1684
In base 15, what is 5 - -a10649?
a1064e
In base 8, what is 27 + -767143?
-767114
In base 6, what is -1 - -2415033455?
2415033454
In base 12, what is -16a77 + -261?
-17118
In base 7, what is 1163 + -31544?
-30351
In base 4, what is -101010011300 + 11?
-101010011223
In base 16, what is -1de3 + -923?
-2706
In base 15, what is -8e20772 - -3?
-8e2076e
In base 16, what is -2314d + -b6?
-23203
In base 13, what is 11a595 - -79?
11a641
In base 13, what is -988a4 + 2b?
-98876
In base 2, what is -101111111000100101 + -1100100?
-101111111010001001
In base 16, what is d5fe + 31c?
d91a
In base 3, what is 2001111 - -122102020?
201110201
In base 12, what is -6 - -395325a?
3953254
In base 3, what is 0 + -20002120112200222?
-20002120112200222
In base 15, what is -11a2 - -18a?
-1017
In base 8, what is 740301 + -707?
737372
In base 3, what is 20110222 - -120111?
21001110
In base 7, what is 2510 - -113144?
115654
In base 12, what is 3 + 7812b38?
7812b3b
In base 9, what is -4702485 + -144?
-4702640
In base 10, what is -811697896 + 1?
-811697895
In base 10, what is 7280258 + -1?
7280257
In base 5, what is -12001422 + -42222?
-12044144
In base 11, what is -2339006 - 4?
-233900a
In base 5, what is 1331310 + -33111?
1243144
In base 14, what is -4 + 40aca4?
40aca0
In base 12, what is -62 + 948b66?
948b04
In base 16, what is 44b - -3563?
39ae
In base 8, what is -62 - 23136134?
-23136216
In base 9, what is 566886 + -245?
566641
In base 3, what is 2 - 10212101202211120?
-10212101202211111
In base 15, what is -2 - 789c304?
-789c306
In base 16, what is -3 - 61a858?
-61a85b
In base 16, what is 303 + 38?
33b
In base 8, what is -2027 - 112616?
-114645
In base 7, what is 142440 + 212?
142652
In base 12, what is 53574051 - -4?
53574055
In base 14, what is 27dbc4 + 3?
27dbc7
In base 3, what is 1121 + 100222222121?
101000001012
In base 16, what is -4 - e7dca?
-e7dce
In base 5, what is 10420433143 + -303?
10420432340
In base 2, what is 10011110000010 + -101111011010?
1101110101000
In base 6, what is -54 + 5200321?
5200223
In base 16, what is 1323feb + 3?
1323fee
In base 6, what is 33045 + -14240?
14405
In base 5, what is 303 + 2212200?
2213003
In base 5, what is -32221434 - -10233?
-32211201
In base 3, what is 11 - 210202200101121?
-210202200101110
In base 12, what is -25 - -a43?
a1a
In base 16, what is 15a92d - 2c?
15a901
In base 2, what is 101000101 - -11101100100111?
11110001101100
In base 13, what is -1 - 1175b96?
-1175b97
In base 3, what is -2 - 1002011112212221?
-1002011112220000
In base 14, what is 10 - -21208b?
21209b
In base 9, what is 5266884027 + -2?
5266884025
In base 7, what is 3532112 - 41?
3532041
In base 7, what is -316 + 665013?
664364
In base 10, what is -1769 + -17043?
-18812
In base 15, what is 1848b - -1c?
184a8
In base 14, what is 3c - -63ac1?
63b1d
In base 5, what is -10430 + 1340140?
1324210
In base 16, what is 3 + -d0b8bde?
-d0b8bdb
In base 16, what is -6b4fa - -130?
-6b3ca
In base 5, what is -2033022112202 + 10?
-2033022112142
In base 16, what is 1 + -16d6bcf?
-16d6bce
In base 4, what is -20 - 311313121110?
-311313121130
In base 15, what is -5 + 1e9a08?
1e9a03
In base 13, what is 44172 - 2a?
44145
In base 16, what is 4 - 7e709b?
-7e7097
In base 7, what is 4 - -243363221?
243363225
In base 2, what is -1100101000110010 + 11000101?
-1100100101101101
In base 11, what is 4692 - -37877?
41459
In base 2, what is -11000110111101 + -11010011011?
-11100001011000
In base 6, what is -101210301 - 2?
-101210303
In base 14, what is -6cd0819 - -3?
-6cd0816
In base 6, what is 5 + 1454311320?
1454311325
In base 12, what is -2 + 18047b67?
18047b65
In base 8, what is 2 + 1102246?
1102250
In base 7, what is 4244514 + -35?
4244446
In base 16, what is 9d7 - bf69?
-b592
In base 16, what is -4d9cc2bf - -1?
-4d9cc2be
In base 12, what is -80115 - -7?
-8010a
In base 12, what is 2a - -12664?
12692
In base 7, what is 1461 - -65401?
100162
In base 13, what is 160 - -78c?
91c
In base 9, what is 166208 + -113?
166085
In base 13, what is 3021c0 - 2c?
302191
In base 15, what is -1ca0d + 43?
-1c9ba
In base 11, what is 3a183 - a13?
39270
In base 16, what is -144ba + 2070?
-1244a
In base 14, what is -1595b + dc?
-1585d
In base 8, what is -141 - -107612?
107451
In base 13, what is -c1b0 + -9a?
-c27a
In base 8, what is -211677 - 3135?
-215034
In base 13, what is a4 - 62403?
-6232c
In base 16, what is -12 - afc89?
-afc9b
In base 7, what is -46 - -1460064?
1460015
In base 9, what is 181787 - 802?
180885
In base 5, what is -111310321442 - -1?
-111310321441
In base 5, what is -30344223 - 42?
-30344320
In base 3, what is 2111 + 20120122121?
20120202002
In base 11, what is -272 - 9a2559?
-9a2820
In base 8, what is -63721 + -2555?
-66476
In base 2, what is -101111001010001001010 + 1011010100?
-101111001000101110110
In base 5, what is 12 + 41211433322?
41211433334
In base 13, what is 13b075 - 132?
13ac43
In base 5, what is 14001104244 - -3?
14001104302
In base 7, what is 10 - 312322242?
-312322232
In base 6, what is 1 - -22123131?
22123132
In base 10, what is -276845 + 296?
-276549
In base 16, what is c83 - 541?
742
In base 14, what is 5a + 8215?
8271
In base 7, what is 2115306 - -2012?
2120321
In base 3, what is 1220111221 + 102112?
1220221110
In base 11, what is 0 - -1355508?
1355508
In base 16, what is f - -1b3cfe8?
1b3cff7
In base 12, what is 2046005 - -5?
204600a
In base 15, what is -169 - -6e253?
6e0d9
In base 8, what is 4311424 - 5?
4311417
In base 12, what is -3036 - -1b638?
18602
In base 12, what is 29 - 85700?
-85693
In base 4, what is 12122000022 - -13110?
12122013132
In base 6, what is 1130544 + 324?
1131312
In base 6, what is -524 + 232525?
232001
In base 7, what is -22 + -3361525?
-3361550
In base 13, what is 767 + b5021?
b5788
In base 5, what is 2 - 12330431?
-12330424
In base 10, what is -126 - -34206?
34080
In base 16, what is 7f + a00d0?
a014f
In base 3, what is -211002220021 - 0?
-211002220021
In base 12, what is a47a7b + 5?
a47a84
In base 9, what is 113730753 + 4?
113730757
In base 16, what is -98687e + 5?
-986879
In base 13, what is -4b - 1554247?
-1554295
In base 13, what is 2c - 4283c?
-42810
In base 15, what is 1ba - -3d2ed?
3d4b8
In base 10, what is -119 - 601271?
-601390
In base 11, what is -2106a92 - -19?
-2106a74
In base 5, what is 243 - 2300234132?
-2300233334
In base 16, what is -2686 - 60e?
-2c94
In base 3, what is -2112001002 - 2111?
-2112010120
In base 10, what is -108 - 208679?
-208787
In base 3, what is -12012020100 - -10212221?
-12001100102
In base 10, what is -8933 - 11738?
-20671
In base 14, what is -5 + a94d88?
a94d83
In base 7, what is -266201344 - 11?
-266201355
In base 9, what is 3402447 - -4?
3402452
In base 15, what is 313e - 1cc?
2e62
In base 3, what is -100122200 - 11202?
-100211102
In base 3, what is -100221202121102 + 10200?
-100221202110202
In base 9, what is 2044 - 7277?
-5233
In base 11, what is 5 + 3684124?
3684129
In base 3, what is -2220022211 - 22122120?
-10012222101
In base 3, what is -112200122 + -201220222?
-1021121121
In base 3, what is -11011120222011 + -1110?
-11011121000121
In base 2, what is -10001000011000 + 11011110?
-10000100111010
In base 8, what is -4366 + -10176?
-14564
In base 7, what is 54 - -65526002?
65526056
In base 2, what is 101010001001100100101 + 111101?
101010001001101100010
In base 15, what is -22c - 155c5?
-15802
In base 9, what is -4415168 + -4?
-4415173
In base 15, what is -4 